nits digit of 163283?
3
What is the hundred thousands digit of 24208729?
2
What is the hundred thousands digit of 6281391?
2
What is the millions digit of 8639246?
8
What is the hundreds digit of 267477?
4
What is the thousands digit of 606623?
6
What is the hundreds digit of 14590653?
6
What is the hundred thousands digit of 721494?
7
What is the hundreds digit of 15228887?
8
What is the millions digit of 2374569?
2
What is the hundred thousands digit of 19317381?
3
What is the tens digit of 273692?
9
What is the tens digit of 12532027?
2
What is the ten thousands digit of 1806582?
0
What is the ten thousands digit of 85547?
8
What is the hundreds digit of 6217311?
3
What is the thousands digit of 87663?
7
What is the units digit of 598149?
9
What is the millions digit of 5674168?
5
What is the thousands digit of 17020?
7
What is the thousands digit of 1845649?
5
What is the units digit of 6267056?
6
What is the hundreds digit of 7862161?
1
What is the hundred thousands digit of 3160245?
1
What is the tens digit of 3680577?
7
What is the ten thousands digit of 493934?
9
What is the hundred thousands digit of 658996?
6
What is the ten thousands digit of 184165?
8
What is the thousands digit of 24049019?
9
What is the ten thousands digit of 23541838?
4
What is the thousands digit of 149419?
9
What is the units digit of 194253?
3
What is the units digit of 485218?
8
What is the hundred thousands digit of 7856182?
8
What is the ten millions digit of 11643164?
1
What is the ten thousands digit of 10241072?
4
What is the ten thousands digit of 7026005?
2
What is the hundred thousands digit of 19901142?
9
What is the ten thousands digit of 80172?
8
What is the thousands digit of 2901468?
1
What is the units digit of 1665577?
7
What is the hundreds digit of 4658918?
9
What is the hundreds digit of 163558?
5
What is the units digit of 297167?
7
What is the thousands digit of 685144?
5
What is the hundred thousands digit of 166602?
1
What is the hundreds digit of 341290?
2
What is the tens digit of 287406?
0
What is the units digit of 3662044?
4
What is the hundred thousands digit of 251977?
2
What is the thousands digit of 1277772?
7
What is the hundred thousands digit of 2129047?
1
What is the hundreds digit of 362804?
8
What is the tens digit of 1501382?
8
What is the hundreds digit of 331570?
5
What is the tens digit of 10380152?
5
What is the ten thousands digit of 24296169?
9
What is the hundreds digit of 815864?
8
What is the millions digit of 2377793?
2
What is the millions digit of 3306590?
3
What is the thousands digit of 31780710?
0
What is the tens digit of 4217467?
6
What is the units digit of 4142367?
7
What is the units digit of 3439275?
5
What is the tens digit of 999341?
4
What is the tens digit of 173263?
6
What is the hundred thousands digit of 18660156?
6
What is the ten thousands digit of 1732383?
3
What is the thousands digit of 1612545?
2
What is the thousands digit of 144262?
4
What is the hundreds digit of 126821?
8
What is the hundreds digit of 1308481?
4
What is the hundred thousands digit of 25722603?
7
What is the ten thousands digit of 10093607?
9
What is the thousands digit of 612763?
2
What is the units digit of 90848?
8
What is the millions digit of 1634914?
1
What is the millions digit of 1236493?
1
What is the tens digit of 1079918?
1
What is the units digit of 188042?
2
What is the hundred thousands digit of 8192240?
1
What is the hundred thousands digit of 100025?
1
What is the millions digit of 38616168?
8
What is the hundred thousands digit of 443304?
4
What is the tens digit of 31957781?
8
What is the ten thousands digit of 150786?
5
What is the ten thousands digit of 2657352?
5
What is the thousands digit of 445090?
5
What is the units digit of 6306379?
9
What is the ten thousands digit of 340614?
4
What is the hundreds digit of 216427?
4
What is the thousands digit of 486160?
6
What is the millions digit of 11188844?
1
What is the hundreds digit of 213936?
9
What is the hundreds digit of 23075?
0
What is the hundred thousands digit of 3640139?
6
What is the units digit of 90396?
6
What is the thousands digit of 10997339?
7
What is the tens digit of 1528201?
0
What is the tens digit of 13030719?
1
What is the ten thousands digit of 439934?
3
What is the tens digit of 1670348?
4
What is the units digit of 116677?
7
What is the tens digit of 100542?
4
What is the millions digit of 1638261?
1
What is the tens digit of 541258?
5
What is the hundreds digit of 22558531?
5
What is the hundreds digit of 2732054?
0
What is the units digit of 9467254?
4
What is the thousands digit of 635783?
5
What is the units digit of 2125454?
4
What is the hundreds digit of 2891382?
3
What is the hundreds digit of 194128?
1
What is the thousands digit of 3196794?
6
What is the ten thousands digit of 1739350?
3
What is the units digit of 749430?
0
What is the hundred thousands digit of 249078?
2
What is the hundred thousands digit of 698572?
6
What is the hundred thousands digit of 257764?
2
What is the hundred thousands digit of 7248789?
2
What is the hundred thousands digit of 387212?
3
What is the hundred thousands digit of 134339?
1
What is the millions digit of 6680731?
6
What is the hundreds digit of 22781?
7
What is the hundreds digit of 314639?
6
What is the hundreds digit of 4374928?
9
What is the units digit of 53936?
6
What is the ten thousands digit of 877332?
7
What is the ten thousands digit of 90106?
9
What is the hundred thousands digit of 178068?
1
What is the units digit of 4905640?
0
What is the hundred thousands digit of 108751?
1
What is the hundred thousands digit of 1199820?
1
What is the hundred thousands digit of 1855927?
8
What is the ten thousands digit of 122409?
2
What is the hundreds digit of 25449229?
2
What is the thousands digit of 6819526?
9
What is the thousands digit of 3283050?
3
What is the hundreds digit of 2376689?
6
What is the ten thousands digit of 10604?
1
What is the thousands digit of 7698567?
8
What is the hundreds digit of 3062266?
2
What is the units digit of 224835?
5
What is the hundreds digit of 2057573?
5
What is the thousands digit of 662008?
2
What is the tens digit of 16393518?
1
What is the hundreds digit of 4708012?
0
What is the millions digit of 18325232?
8
What is the hundreds digit of 635250?
2
What is the units digit of 880043?
3
What is the units digit of 14195010?
0
What is the units digit of 11331018?
8
What is the units digit of 1356177?
7
What is the ten thousands digit of 70894?
7
What is the units digit of 1993131?
1
What is the ten thousands digit of 256405?
5
What is the hundred thousands digit of 6283168?
2
What is the tens digit of 2333055?
5
What is the thousands digit of 8477469?
7
What is the ten thousands digit of 258943?
5
What is the ten thousands digit of 330534?
3
What is the units digit of 100429?
9
What is the hundreds digit of 287467?
4
What is the hundred thousands digit of 1627105?
6
What is the millions digit of 1756267?
1
What is the units digit of 319293?
3
What is the hundreds digit of 156897?
8
What is the hundred thousands digit of 7912714?
9
What is the millions digit of 1725897?
1
What is the hundreds digit of 4969433?
4
What is the thousands digit of 57505?
7
What is the hundreds digit of 3131746?
7
What is the ten thousands digit of 2184312?
8
What is the thousands digit of 792028?
2
What is the ten thousands digit of 423228?
2
What is the hundreds digit of 534039?
0
What is the thousands digit of 2754137?
4
What is the tens digit of 2806072?
7
What is the ten thousands digit of 583347?
8
What is the millions digit of 4851890?
4
What is the tens digit of 461487?
8
What is the ten thousands digit of 207535?
0
What is the ten thousands digit of 570972?
7
What is the tens digit of 4672456?
5
What is the hundred thousands digit of 1160329?
1
What is the hundred thousands digit of 154490?
1
What is the millions digit of 1759557?
1
What is the ten thousands digit of 6040861?
4
What is the thousands digit of 948557?
8
What is the ten millions digit of 17152498?
1
What is the hundred thousands digit of 7308310?
3
What is the millions digit of 6996005?
6
What is the units digit of 2883196?
6
What is the hundred thousands digit of 3229008?
2
What